{"id":310,"date":"2024-09-24T10:22:24","date_gmt":"2024-09-24T10:22:24","guid":{"rendered":"https:\/\/chillout-hoechst.at\/?page_id=310"},"modified":"2024-09-24T11:04:21","modified_gmt":"2024-09-24T11:04:21","slug":"impressum","status":"publish","type":"page","link":"https:\/\/chillout-hoechst.at\/index.php\/impressum\/","title":{"rendered":"Impressum"},"content":{"rendered":"\t\t<div data-elementor-type=\"wp-page\" data-elementor-id=\"310\" class=\"elementor elementor-310\" data-elementor-post-type=\"page\">\n\t\t\t\t<div class=\"elementor-element elementor-element-fc1ea96 e-flex e-con-boxed e-con e-parent\" data-id=\"fc1ea96\" data-element_type=\"container\" data-e-type=\"container\">\n\t\t\t\t\t<div class=\"e-con-inner\">\n\t\t\t\t<div class=\"elementor-element elementor-element-5d63ddd elementor-widget elementor-widget-text-editor\" data-id=\"5d63ddd\" data-element_type=\"widget\" data-e-type=\"widget\" data-widget_type=\"text-editor.default\">\n\t\t\t\t<div class=\"elementor-widget-container\">\n\t\t\t\t\t\t\t\t\t<p>Offene Jugendarbeit H\u00f6chst<br \/>Rheinauweg 51<br \/>6973 H\u00f6chst<\/p><p><strong>Vereinsregister<\/strong> ZVR: 048641593<br \/>Alle Angaben erfolgen ohne Gew\u00e4hr. Eine Haftung f\u00fcr Sch\u00e4den, die sich aus der Verwendung der abgerufenen Informationen und Anwendungen ergeben, ist ausgeschlossen.<\/p><p><strong>Externe Links<\/strong><br \/>Die Offene Jugendarbeit H\u00f6chst distanziert sich von den Inhalten fremder Sites, mit denen sie verlinkt ist. F\u00fcr illegale, fehlerhafte oder unvollst\u00e4ndige Inhalte und insbesondere f\u00fcr Sch\u00e4den, die aus der Nutzung oder Nichtnutzung solcherart dargebotener Informationen entstehen, haftet allein der Anbieter der Seite, auf welche verwiesen wurde.<\/p><p><strong>Webdesign<br \/><\/strong>Kristina Yasenova<strong><br \/><\/strong><\/p>\t\t\t\t\t\t\t\t<\/div>\n\t\t\t\t<\/div>\n\t\t\t\t\t<\/div>\n\t\t\t\t<\/div>\n\t\t\t\t<\/div>\n\t\t","protected":false},"excerpt":{"rendered":"<p>Offene Jugendarbeit H\u00f6chstRheinauweg 516973 H\u00f6chst Vereinsregister ZVR: 048641593Alle Angaben erfolgen ohne Gew\u00e4hr. Eine Haftung f\u00fcr Sch\u00e4den, die sich aus der Verwendung der abgerufenen Informationen und Anwendungen ergeben, ist ausgeschlossen. Externe LinksDie Offene Jugendarbeit H\u00f6chst distanziert sich von den Inhalten fremder Sites, mit denen sie verlinkt ist. F\u00fcr illegale, fehlerhafte oder unvollst\u00e4ndige Inhalte und insbesondere f\u00fcr&#8230;<\/p>\n","protected":false},"author":2,"featured_media":0,"parent":0,"menu_order":0,"comment_status":"closed","ping_status":"closed","template":"","meta":{"footnotes":""},"class_list":["post-310","page","type-page","status-publish","hentry"],"yoast_head":"<!-- This site is optimized with the Yoast SEO plugin v27.5 - https:\/\/yoast.com\/product\/yoast-seo-wordpress\/ -->\n<title>Impressum | Chillout H\u00f6chst<\/title>\n<meta name=\"robots\" content=\"index, follow, max-snippet:-1, max-image-preview:large, max-video-preview:-1\" \/>\n<link rel=\"canonical\" href=\"https:\/\/chillout-hoechst.at\/index.php\/impressum\/\" \/>\n<meta property=\"og:locale\" content=\"de_DE\" \/>\n<meta property=\"og:type\" content=\"article\" \/>\n<meta property=\"og:title\" content=\"Impressum | Chillout H\u00f6chst\" \/>\n<meta property=\"og:description\" content=\"Offene Jugendarbeit H\u00f6chstRheinauweg 516973 H\u00f6chst Vereinsregister ZVR: 048641593Alle Angaben erfolgen ohne Gew\u00e4hr. Eine Haftung f\u00fcr Sch\u00e4den, die sich aus der Verwendung der abgerufenen Informationen und Anwendungen ergeben, ist ausgeschlossen. Externe LinksDie Offene Jugendarbeit H\u00f6chst distanziert sich von den Inhalten fremder Sites, mit denen sie verlinkt ist. F\u00fcr illegale, fehlerhafte oder unvollst\u00e4ndige Inhalte und insbesondere f\u00fcr...\" \/>\n<meta property=\"og:url\" content=\"https:\/\/chillout-hoechst.at\/index.php\/impressum\/\" \/>\n<meta property=\"og:site_name\" content=\"Chillout H\u00f6chst\" \/>\n<meta property=\"article:publisher\" content=\"https:\/\/www.facebook.com\/chillina.hochst.1?locale=de_DE\" \/>\n<meta property=\"article:modified_time\" content=\"2024-09-24T11:04:21+00:00\" \/>\n<meta property=\"og:image\" content=\"https:\/\/chillout-hoechst.at\/wp-content\/uploads\/2024\/08\/android-chrome-512x512-1.png\" \/>\n\t<meta property=\"og:image:width\" content=\"512\" \/>\n\t<meta property=\"og:image:height\" content=\"512\" \/>\n\t<meta property=\"og:image:type\" content=\"image\/png\" \/>\n<meta name=\"twitter:card\" content=\"summary_large_image\" \/>\n<script type=\"application\/ld+json\" class=\"yoast-schema-graph\">{\"@context\":\"https:\\\/\\\/schema.org\",\"@graph\":[{\"@type\":\"WebPage\",\"@id\":\"https:\\\/\\\/chillout-hoechst.at\\\/index.php\\\/impressum\\\/\",\"url\":\"https:\\\/\\\/chillout-hoechst.at\\\/index.php\\\/impressum\\\/\",\"name\":\"Impressum | Chillout H\u00f6chst\",\"isPartOf\":{\"@id\":\"https:\\\/\\\/chillout-hoechst.at\\\/#website\"},\"datePublished\":\"2024-09-24T10:22:24+00:00\",\"dateModified\":\"2024-09-24T11:04:21+00:00\",\"breadcrumb\":{\"@id\":\"https:\\\/\\\/chillout-hoechst.at\\\/index.php\\\/impressum\\\/#breadcrumb\"},\"inLanguage\":\"de\",\"potentialAction\":[{\"@type\":\"ReadAction\",\"target\":[\"https:\\\/\\\/chillout-hoechst.at\\\/index.php\\\/impressum\\\/\"]}]},{\"@type\":\"BreadcrumbList\",\"@id\":\"https:\\\/\\\/chillout-hoechst.at\\\/index.php\\\/impressum\\\/#breadcrumb\",\"itemListElement\":[{\"@type\":\"ListItem\",\"position\":1,\"name\":\"Startseite\",\"item\":\"https:\\\/\\\/chillout-hoechst.at\\\/\"},{\"@type\":\"ListItem\",\"position\":2,\"name\":\"Impressum\"}]},{\"@type\":\"WebSite\",\"@id\":\"https:\\\/\\\/chillout-hoechst.at\\\/#website\",\"url\":\"https:\\\/\\\/chillout-hoechst.at\\\/\",\"name\":\"Chillout H\u00f6chst\",\"description\":\"\",\"publisher\":{\"@id\":\"https:\\\/\\\/chillout-hoechst.at\\\/#organization\"},\"alternateName\":\"Chillout Hoechst\",\"potentialAction\":[{\"@type\":\"SearchAction\",\"target\":{\"@type\":\"EntryPoint\",\"urlTemplate\":\"https:\\\/\\\/chillout-hoechst.at\\\/?s={search_term_string}\"},\"query-input\":{\"@type\":\"PropertyValueSpecification\",\"valueRequired\":true,\"valueName\":\"search_term_string\"}}],\"inLanguage\":\"de\"},{\"@type\":\"Organization\",\"@id\":\"https:\\\/\\\/chillout-hoechst.at\\\/#organization\",\"name\":\"Chillout H\u00f6chst\",\"alternateName\":\"Chillout Hoechst\",\"url\":\"https:\\\/\\\/chillout-hoechst.at\\\/\",\"logo\":{\"@type\":\"ImageObject\",\"inLanguage\":\"de\",\"@id\":\"https:\\\/\\\/chillout-hoechst.at\\\/#\\\/schema\\\/logo\\\/image\\\/\",\"url\":\"https:\\\/\\\/chillout-hoechst.at\\\/wp-content\\\/uploads\\\/2024\\\/08\\\/android-chrome-512x512-1.png\",\"contentUrl\":\"https:\\\/\\\/chillout-hoechst.at\\\/wp-content\\\/uploads\\\/2024\\\/08\\\/android-chrome-512x512-1.png\",\"width\":512,\"height\":512,\"caption\":\"Chillout H\u00f6chst\"},\"image\":{\"@id\":\"https:\\\/\\\/chillout-hoechst.at\\\/#\\\/schema\\\/logo\\\/image\\\/\"},\"sameAs\":[\"https:\\\/\\\/www.facebook.com\\\/chillina.hochst.1?locale=de_DE\",\"https:\\\/\\\/www.instagram.com\\\/chillouthoechst\\\/\",\"https:\\\/\\\/www.youtube.com\\\/channel\\\/UCKfl2NjE5hHFL59H830CDtg\",\"https:\\\/\\\/www.tiktok.com\\\/@chillouthoechst?_t=8oLpQcqO7kW&_r=1\"]}]}<\/script>\n<!-- \/ Yoast SEO plugin. -->","yoast_head_json":{"title":"Impressum | Chillout H\u00f6chst","robots":{"index":"index","follow":"follow","max-snippet":"max-snippet:-1","max-image-preview":"max-image-preview:large","max-video-preview":"max-video-preview:-1"},"canonical":"https:\/\/chillout-hoechst.at\/index.php\/impressum\/","og_locale":"de_DE","og_type":"article","og_title":"Impressum | Chillout H\u00f6chst","og_description":"Offene Jugendarbeit H\u00f6chstRheinauweg 516973 H\u00f6chst Vereinsregister ZVR: 048641593Alle Angaben erfolgen ohne Gew\u00e4hr. Eine Haftung f\u00fcr Sch\u00e4den, die sich aus der Verwendung der abgerufenen Informationen und Anwendungen ergeben, ist ausgeschlossen. Externe LinksDie Offene Jugendarbeit H\u00f6chst distanziert sich von den Inhalten fremder Sites, mit denen sie verlinkt ist. F\u00fcr illegale, fehlerhafte oder unvollst\u00e4ndige Inhalte und insbesondere f\u00fcr...","og_url":"https:\/\/chillout-hoechst.at\/index.php\/impressum\/","og_site_name":"Chillout H\u00f6chst","article_publisher":"https:\/\/www.facebook.com\/chillina.hochst.1?locale=de_DE","article_modified_time":"2024-09-24T11:04:21+00:00","og_image":[{"width":512,"height":512,"url":"https:\/\/chillout-hoechst.at\/wp-content\/uploads\/2024\/08\/android-chrome-512x512-1.png","type":"image\/png"}],"twitter_card":"summary_large_image","schema":{"@context":"https:\/\/schema.org","@graph":[{"@type":"WebPage","@id":"https:\/\/chillout-hoechst.at\/index.php\/impressum\/","url":"https:\/\/chillout-hoechst.at\/index.php\/impressum\/","name":"Impressum | Chillout H\u00f6chst","isPartOf":{"@id":"https:\/\/chillout-hoechst.at\/#website"},"datePublished":"2024-09-24T10:22:24+00:00","dateModified":"2024-09-24T11:04:21+00:00","breadcrumb":{"@id":"https:\/\/chillout-hoechst.at\/index.php\/impressum\/#breadcrumb"},"inLanguage":"de","potentialAction":[{"@type":"ReadAction","target":["https:\/\/chillout-hoechst.at\/index.php\/impressum\/"]}]},{"@type":"BreadcrumbList","@id":"https:\/\/chillout-hoechst.at\/index.php\/impressum\/#breadcrumb","itemListElement":[{"@type":"ListItem","position":1,"name":"Startseite","item":"https:\/\/chillout-hoechst.at\/"},{"@type":"ListItem","position":2,"name":"Impressum"}]},{"@type":"WebSite","@id":"https:\/\/chillout-hoechst.at\/#website","url":"https:\/\/chillout-hoechst.at\/","name":"Chillout H\u00f6chst","description":"","publisher":{"@id":"https:\/\/chillout-hoechst.at\/#organization"},"alternateName":"Chillout Hoechst","potentialAction":[{"@type":"SearchAction","target":{"@type":"EntryPoint","urlTemplate":"https:\/\/chillout-hoechst.at\/?s={search_term_string}"},"query-input":{"@type":"PropertyValueSpecification","valueRequired":true,"valueName":"search_term_string"}}],"inLanguage":"de"},{"@type":"Organization","@id":"https:\/\/chillout-hoechst.at\/#organization","name":"Chillout H\u00f6chst","alternateName":"Chillout Hoechst","url":"https:\/\/chillout-hoechst.at\/","logo":{"@type":"ImageObject","inLanguage":"de","@id":"https:\/\/chillout-hoechst.at\/#\/schema\/logo\/image\/","url":"https:\/\/chillout-hoechst.at\/wp-content\/uploads\/2024\/08\/android-chrome-512x512-1.png","contentUrl":"https:\/\/chillout-hoechst.at\/wp-content\/uploads\/2024\/08\/android-chrome-512x512-1.png","width":512,"height":512,"caption":"Chillout H\u00f6chst"},"image":{"@id":"https:\/\/chillout-hoechst.at\/#\/schema\/logo\/image\/"},"sameAs":["https:\/\/www.facebook.com\/chillina.hochst.1?locale=de_DE","https:\/\/www.instagram.com\/chillouthoechst\/","https:\/\/www.youtube.com\/channel\/UCKfl2NjE5hHFL59H830CDtg","https:\/\/www.tiktok.com\/@chillouthoechst?_t=8oLpQcqO7kW&_r=1"]}]}},"_links":{"self":[{"href":"https:\/\/chillout-hoechst.at\/index.php\/wp-json\/wp\/v2\/pages\/310","targetHints":{"allow":["GET"]}}],"collection":[{"href":"https:\/\/chillout-hoechst.at\/index.php\/wp-json\/wp\/v2\/pages"}],"about":[{"href":"https:\/\/chillout-hoechst.at\/index.php\/wp-json\/wp\/v2\/types\/page"}],"author":[{"embeddable":true,"href":"https:\/\/chillout-hoechst.at\/index.php\/wp-json\/wp\/v2\/users\/2"}],"replies":[{"embeddable":true,"href":"https:\/\/chillout-hoechst.at\/index.php\/wp-json\/wp\/v2\/comments?post=310"}],"version-history":[{"count":7,"href":"https:\/\/chillout-hoechst.at\/index.php\/wp-json\/wp\/v2\/pages\/310\/revisions"}],"predecessor-version":[{"id":336,"href":"https:\/\/chillout-hoechst.at\/index.php\/wp-json\/wp\/v2\/pages\/310\/revisions\/336"}],"wp:attachment":[{"href":"https:\/\/chillout-hoechst.at\/index.php\/wp-json\/wp\/v2\/media?parent=310"}],"curies":[{"name":"wp","href":"https:\/\/api.w.org\/{rel}","templated":true}]}}