{"id":315,"date":"2024-09-24T10:29:39","date_gmt":"2024-09-24T10:29:39","guid":{"rendered":"https:\/\/chillout-hoechst.at\/?page_id=315"},"modified":"2024-09-24T10:33:06","modified_gmt":"2024-09-24T10:33:06","slug":"datenschutz","status":"publish","type":"page","link":"https:\/\/chillout-hoechst.at\/index.php\/datenschutz\/","title":{"rendered":"Datenschutz"},"content":{"rendered":"\t\t<div data-elementor-type=\"wp-page\" data-elementor-id=\"315\" class=\"elementor elementor-315\" data-elementor-post-type=\"page\">\n\t\t\t\t<div class=\"elementor-element elementor-element-070a23e e-flex e-con-boxed e-con e-parent\" data-id=\"070a23e\" data-element_type=\"container\" data-e-type=\"container\">\n\t\t\t\t\t<div class=\"e-con-inner\">\n\t\t\t\t<div class=\"elementor-element elementor-element-8435d98 elementor-widget elementor-widget-text-editor\" data-id=\"8435d98\" data-element_type=\"widget\" data-e-type=\"widget\" data-widget_type=\"text-editor.default\">\n\t\t\t\t<div class=\"elementor-widget-container\">\n\t\t\t\t\t\t\t\t\t<p><strong>Erkl\u00e4rung zur Informationspflicht (Datenschutzerkl\u00e4rung)<\/strong><\/p><p>Der Schutz deiner pers\u00f6nlichen Daten ist uns ein besonderes Anliegen. Wir verarbeiten deine Daten daher ausschlie\u00dflich auf Grundlage der gesetzlichen Bestimmungen (DSGVO). In diesen Datenschutzinformationen informieren wir dich \u00fcber die wichtigsten Aspekte der Datenverarbeitung im Rahmen unserer Website.<\/p><p>\u00a0<\/p><p><strong>Cookies<\/strong><\/p><p>Unsere Website verwendet so genannte Cookies. Dabei handelt es sich um kleine Textdateien, die mit Hilfe des Browsers auf deinem Endger\u00e4t abgelegt werden. Sie richten keinen Schaden an.<\/p><p>Wir nutzen Cookies dazu, unser Angebot nutzerfreundlich zu gestalten. Einige Cookies bleiben auf deinem Endger\u00e4t gespeichert, bis du diese l\u00f6scht. Sie erm\u00f6glichen es uns, deinen Browser beim n\u00e4chsten Besuch wiederzuerkennen.<\/p><p>Wenn du dies nicht w\u00fcnscht, so kannst du deinen Browser so einrichten, dass er dich \u00fcber das Setzen von Cookies informiert und du dies nur im Einzelfall erlaubst.<\/p><p>Bei der Deaktivierung von Cookies kann die Funktionalit\u00e4t unserer Website eingeschr\u00e4nkt sein.<\/p><p>\u00a0<\/p><p><strong>Deine Rechte<\/strong><\/p><p>Dir stehen grunds\u00e4tzlich die Rechte auf Auskunft, Berichtigung, L\u00f6schung, Einschr\u00e4nkung, Daten\u00fcbertragbarkeit, Widerruf und Widerspruch zu. Wenn du glaubst, dass die Verarbeitung deiner Daten gegen das Datenschutzrecht verst\u00f6\u00dft oder deine datenschutzrechtlichen Anspr\u00fcche sonst in einer Weise verletzt worden sind, kannst du dich bei der Aufsichtsbeh\u00f6rde beschweren. In \u00d6sterreich ist dies die Datenschutzbeh\u00f6rde.<\/p><p>\u00a0<\/p><p><strong>Du erreichst uns unter folgenden Kontaktdaten:<\/strong><\/p><p>Verein Offene Jugendarbeit H\u00f6chst<br \/>Rheinauweg 51<br \/>6973 H\u00f6chst<br \/>+43 (0) 5572 36508600<\/p>\t\t\t\t\t\t\t\t<\/div>\n\t\t\t\t<\/div>\n\t\t\t\t\t<\/div>\n\t\t\t\t<\/div>\n\t\t\t\t<\/div>\n\t\t","protected":false},"excerpt":{"rendered":"<p>Erkl\u00e4rung zur Informationspflicht (Datenschutzerkl\u00e4rung) Der Schutz deiner pers\u00f6nlichen Daten ist uns ein besonderes Anliegen. Wir verarbeiten deine Daten daher ausschlie\u00dflich auf Grundlage der gesetzlichen Bestimmungen (DSGVO). In diesen Datenschutzinformationen informieren wir dich \u00fcber die wichtigsten Aspekte der Datenverarbeitung im Rahmen unserer Website. \u00a0 Cookies Unsere Website verwendet so genannte Cookies. Dabei handelt es sich um&#8230;<\/p>\n","protected":false},"author":2,"featured_media":0,"parent":0,"menu_order":0,"comment_status":"closed","ping_status":"closed","template":"","meta":{"footnotes":""},"class_list":["post-315","page","type-page","status-publish","hentry"],"yoast_head":"<!-- This site is optimized with the Yoast SEO plugin v27.4 - https:\/\/yoast.com\/product\/yoast-seo-wordpress\/ -->\n<title>Datenschutz | Chillout H\u00f6chst<\/title>\n<meta name=\"robots\" content=\"index, follow, max-snippet:-1, max-image-preview:large, max-video-preview:-1\" \/>\n<link rel=\"canonical\" href=\"https:\/\/chillout-hoechst.at\/index.php\/datenschutz\/\" \/>\n<meta property=\"og:locale\" content=\"de_DE\" \/>\n<meta property=\"og:type\" content=\"article\" \/>\n<meta property=\"og:title\" content=\"Datenschutz | Chillout H\u00f6chst\" \/>\n<meta property=\"og:description\" content=\"Erkl\u00e4rung zur Informationspflicht (Datenschutzerkl\u00e4rung) Der Schutz deiner pers\u00f6nlichen Daten ist uns ein besonderes Anliegen. Wir verarbeiten deine Daten daher ausschlie\u00dflich auf Grundlage der gesetzlichen Bestimmungen (DSGVO). In diesen Datenschutzinformationen informieren wir dich \u00fcber die wichtigsten Aspekte der Datenverarbeitung im Rahmen unserer Website. \u00a0 Cookies Unsere Website verwendet so genannte Cookies. Dabei handelt es sich um...\" \/>\n<meta property=\"og:url\" content=\"https:\/\/chillout-hoechst.at\/index.php\/datenschutz\/\" \/>\n<meta property=\"og:site_name\" content=\"Chillout H\u00f6chst\" \/>\n<meta property=\"article:publisher\" content=\"https:\/\/www.facebook.com\/chillina.hochst.1?locale=de_DE\" \/>\n<meta property=\"article:modified_time\" content=\"2024-09-24T10:33:06+00:00\" \/>\n<meta property=\"og:image\" content=\"https:\/\/chillout-hoechst.at\/wp-content\/uploads\/2024\/08\/android-chrome-512x512-1.png\" \/>\n\t<meta property=\"og:image:width\" content=\"512\" \/>\n\t<meta property=\"og:image:height\" content=\"512\" \/>\n\t<meta property=\"og:image:type\" content=\"image\/png\" \/>\n<meta name=\"twitter:card\" content=\"summary_large_image\" \/>\n<meta name=\"twitter:label1\" content=\"Gesch\u00e4tzte Lesezeit\" \/>\n\t<meta name=\"twitter:data1\" content=\"1\u00a0Minute\" \/>\n<script type=\"application\/ld+json\" class=\"yoast-schema-graph\">{\"@context\":\"https:\\\/\\\/schema.org\",\"@graph\":[{\"@type\":\"WebPage\",\"@id\":\"https:\\\/\\\/chillout-hoechst.at\\\/index.php\\\/datenschutz\\\/\",\"url\":\"https:\\\/\\\/chillout-hoechst.at\\\/index.php\\\/datenschutz\\\/\",\"name\":\"Datenschutz | Chillout H\u00f6chst\",\"isPartOf\":{\"@id\":\"https:\\\/\\\/chillout-hoechst.at\\\/#website\"},\"datePublished\":\"2024-09-24T10:29:39+00:00\",\"dateModified\":\"2024-09-24T10:33:06+00:00\",\"breadcrumb\":{\"@id\":\"https:\\\/\\\/chillout-hoechst.at\\\/index.php\\\/datenschutz\\\/#breadcrumb\"},\"inLanguage\":\"de\",\"potentialAction\":[{\"@type\":\"ReadAction\",\"target\":[\"https:\\\/\\\/chillout-hoechst.at\\\/index.php\\\/datenschutz\\\/\"]}]},{\"@type\":\"BreadcrumbList\",\"@id\":\"https:\\\/\\\/chillout-hoechst.at\\\/index.php\\\/datenschutz\\\/#breadcrumb\",\"itemListElement\":[{\"@type\":\"ListItem\",\"position\":1,\"name\":\"Startseite\",\"item\":\"https:\\\/\\\/chillout-hoechst.at\\\/\"},{\"@type\":\"ListItem\",\"position\":2,\"name\":\"Datenschutz\"}]},{\"@type\":\"WebSite\",\"@id\":\"https:\\\/\\\/chillout-hoechst.at\\\/#website\",\"url\":\"https:\\\/\\\/chillout-hoechst.at\\\/\",\"name\":\"Chillout H\u00f6chst\",\"description\":\"\",\"publisher\":{\"@id\":\"https:\\\/\\\/chillout-hoechst.at\\\/#organization\"},\"alternateName\":\"Chillout Hoechst\",\"potentialAction\":[{\"@type\":\"SearchAction\",\"target\":{\"@type\":\"EntryPoint\",\"urlTemplate\":\"https:\\\/\\\/chillout-hoechst.at\\\/?s={search_term_string}\"},\"query-input\":{\"@type\":\"PropertyValueSpecification\",\"valueRequired\":true,\"valueName\":\"search_term_string\"}}],\"inLanguage\":\"de\"},{\"@type\":\"Organization\",\"@id\":\"https:\\\/\\\/chillout-hoechst.at\\\/#organization\",\"name\":\"Chillout H\u00f6chst\",\"alternateName\":\"Chillout Hoechst\",\"url\":\"https:\\\/\\\/chillout-hoechst.at\\\/\",\"logo\":{\"@type\":\"ImageObject\",\"inLanguage\":\"de\",\"@id\":\"https:\\\/\\\/chillout-hoechst.at\\\/#\\\/schema\\\/logo\\\/image\\\/\",\"url\":\"https:\\\/\\\/chillout-hoechst.at\\\/wp-content\\\/uploads\\\/2024\\\/08\\\/android-chrome-512x512-1.png\",\"contentUrl\":\"https:\\\/\\\/chillout-hoechst.at\\\/wp-content\\\/uploads\\\/2024\\\/08\\\/android-chrome-512x512-1.png\",\"width\":512,\"height\":512,\"caption\":\"Chillout H\u00f6chst\"},\"image\":{\"@id\":\"https:\\\/\\\/chillout-hoechst.at\\\/#\\\/schema\\\/logo\\\/image\\\/\"},\"sameAs\":[\"https:\\\/\\\/www.facebook.com\\\/chillina.hochst.1?locale=de_DE\",\"https:\\\/\\\/www.instagram.com\\\/chillouthoechst\\\/\",\"https:\\\/\\\/www.youtube.com\\\/channel\\\/UCKfl2NjE5hHFL59H830CDtg\",\"https:\\\/\\\/www.tiktok.com\\\/@chillouthoechst?_t=8oLpQcqO7kW&_r=1\"]}]}<\/script>\n<!-- \/ Yoast SEO plugin. -->","yoast_head_json":{"title":"Datenschutz | Chillout H\u00f6chst","robots":{"index":"index","follow":"follow","max-snippet":"max-snippet:-1","max-image-preview":"max-image-preview:large","max-video-preview":"max-video-preview:-1"},"canonical":"https:\/\/chillout-hoechst.at\/index.php\/datenschutz\/","og_locale":"de_DE","og_type":"article","og_title":"Datenschutz | Chillout H\u00f6chst","og_description":"Erkl\u00e4rung zur Informationspflicht (Datenschutzerkl\u00e4rung) Der Schutz deiner pers\u00f6nlichen Daten ist uns ein besonderes Anliegen. Wir verarbeiten deine Daten daher ausschlie\u00dflich auf Grundlage der gesetzlichen Bestimmungen (DSGVO). In diesen Datenschutzinformationen informieren wir dich \u00fcber die wichtigsten Aspekte der Datenverarbeitung im Rahmen unserer Website. \u00a0 Cookies Unsere Website verwendet so genannte Cookies. Dabei handelt es sich um...","og_url":"https:\/\/chillout-hoechst.at\/index.php\/datenschutz\/","og_site_name":"Chillout H\u00f6chst","article_publisher":"https:\/\/www.facebook.com\/chillina.hochst.1?locale=de_DE","article_modified_time":"2024-09-24T10:33:06+00:00","og_image":[{"width":512,"height":512,"url":"https:\/\/chillout-hoechst.at\/wp-content\/uploads\/2024\/08\/android-chrome-512x512-1.png","type":"image\/png"}],"twitter_card":"summary_large_image","twitter_misc":{"Gesch\u00e4tzte Lesezeit":"1\u00a0Minute"},"schema":{"@context":"https:\/\/schema.org","@graph":[{"@type":"WebPage","@id":"https:\/\/chillout-hoechst.at\/index.php\/datenschutz\/","url":"https:\/\/chillout-hoechst.at\/index.php\/datenschutz\/","name":"Datenschutz | Chillout H\u00f6chst","isPartOf":{"@id":"https:\/\/chillout-hoechst.at\/#website"},"datePublished":"2024-09-24T10:29:39+00:00","dateModified":"2024-09-24T10:33:06+00:00","breadcrumb":{"@id":"https:\/\/chillout-hoechst.at\/index.php\/datenschutz\/#breadcrumb"},"inLanguage":"de","potentialAction":[{"@type":"ReadAction","target":["https:\/\/chillout-hoechst.at\/index.php\/datenschutz\/"]}]},{"@type":"BreadcrumbList","@id":"https:\/\/chillout-hoechst.at\/index.php\/datenschutz\/#breadcrumb","itemListElement":[{"@type":"ListItem","position":1,"name":"Startseite","item":"https:\/\/chillout-hoechst.at\/"},{"@type":"ListItem","position":2,"name":"Datenschutz"}]},{"@type":"WebSite","@id":"https:\/\/chillout-hoechst.at\/#website","url":"https:\/\/chillout-hoechst.at\/","name":"Chillout H\u00f6chst","description":"","publisher":{"@id":"https:\/\/chillout-hoechst.at\/#organization"},"alternateName":"Chillout Hoechst","potentialAction":[{"@type":"SearchAction","target":{"@type":"EntryPoint","urlTemplate":"https:\/\/chillout-hoechst.at\/?s={search_term_string}"},"query-input":{"@type":"PropertyValueSpecification","valueRequired":true,"valueName":"search_term_string"}}],"inLanguage":"de"},{"@type":"Organization","@id":"https:\/\/chillout-hoechst.at\/#organization","name":"Chillout H\u00f6chst","alternateName":"Chillout Hoechst","url":"https:\/\/chillout-hoechst.at\/","logo":{"@type":"ImageObject","inLanguage":"de","@id":"https:\/\/chillout-hoechst.at\/#\/schema\/logo\/image\/","url":"https:\/\/chillout-hoechst.at\/wp-content\/uploads\/2024\/08\/android-chrome-512x512-1.png","contentUrl":"https:\/\/chillout-hoechst.at\/wp-content\/uploads\/2024\/08\/android-chrome-512x512-1.png","width":512,"height":512,"caption":"Chillout H\u00f6chst"},"image":{"@id":"https:\/\/chillout-hoechst.at\/#\/schema\/logo\/image\/"},"sameAs":["https:\/\/www.facebook.com\/chillina.hochst.1?locale=de_DE","https:\/\/www.instagram.com\/chillouthoechst\/","https:\/\/www.youtube.com\/channel\/UCKfl2NjE5hHFL59H830CDtg","https:\/\/www.tiktok.com\/@chillouthoechst?_t=8oLpQcqO7kW&_r=1"]}]}},"_links":{"self":[{"href":"https:\/\/chillout-hoechst.at\/index.php\/wp-json\/wp\/v2\/pages\/315","targetHints":{"allow":["GET"]}}],"collection":[{"href":"https:\/\/chillout-hoechst.at\/index.php\/wp-json\/wp\/v2\/pages"}],"about":[{"href":"https:\/\/chillout-hoechst.at\/index.php\/wp-json\/wp\/v2\/types\/page"}],"author":[{"embeddable":true,"href":"https:\/\/chillout-hoechst.at\/index.php\/wp-json\/wp\/v2\/users\/2"}],"replies":[{"embeddable":true,"href":"https:\/\/chillout-hoechst.at\/index.php\/wp-json\/wp\/v2\/comments?post=315"}],"version-history":[{"count":4,"href":"https:\/\/chillout-hoechst.at\/index.php\/wp-json\/wp\/v2\/pages\/315\/revisions"}],"predecessor-version":[{"id":319,"href":"https:\/\/chillout-hoechst.at\/index.php\/wp-json\/wp\/v2\/pages\/315\/revisions\/319"}],"wp:attachment":[{"href":"https:\/\/chillout-hoechst.at\/index.php\/wp-json\/wp\/v2\/media?parent=315"}],"curies":[{"name":"wp","href":"https:\/\/api.w.org\/{rel}","templated":true}]}}